 1/6*d**4 + 0 + 3/20*d**5. Let w be m(1). What is the highest common factor of w and 1?
1
Let b = 5 + 2. Let r = 109 - 68. Suppose -r*a = -43*a + 112. Calculate the greatest common divisor of b and a.
7
Let o = 9 + 12. Let a = 35 - -2. Let z = a - o. Calculate the greatest common factor of z and 4.
4
Let j(x) = 19*x - 3. Let k(a) = -19*a + 4. Let m(i) = -3*j(i) - 2*k(i). Let g be m(-1). Calculate the highest common factor of g and 140.
20
Suppose -5*i - 5*l + 905 = 0, -3*i - 2*i = 3*l - 899. What is the greatest common divisor of 89 and i?
89
Suppose 0 = -6*g - 1 - 5. Let u(f) = 11*f**2 - 3*f - 2. Let s be u(g). What is the greatest common divisor of 24 and s?
12
Suppose -2*c - 2*d + 4 = 0, -3*c - 11*d + 26 = -12*d. Let m(q) = 12*q**2 - 13*q + 9. Let i be m(c). What is the greatest common divisor of i and 46?
46
Let b be 97 - ((1 - 5) + 5). Let y be (-1 + 70/6)*6 + 0. Calculate the highest common divisor of y and b.
32
Let f be ((-14)/(-4)*-72)/(-1 - 1). Let g = -16 - -25. What is the highest common divisor of g and f?
9
Let v be 24/(-10)*-75*1. Suppose -180*i + 191*i = 220. What is the highest common factor of i and v?
20
Let b(l) = 7*l**2 + l + 1. Let m be b(-1). What is the highest common divisor of m and 224?
7
Suppose -u = -3*h + 19, 2*h - 5*u = -3*h + 45. What is the greatest common factor of 55 and h?
5
Suppose -3*r + 180 = 3*r. Let p be (0 + 1)/((-3)/r). Let z be (1/3)/(p/(-330)). What is the highest common divisor of 1 and z?
1
Let p be (295/177)/(15/5112). Calculate the highest common factor of 355 and p.
71
Let y be (-2)/(-5)*80/2. Let h = -8800 + 8880. What is the greatest common divisor of y and h?
16
Let w = 436 + 23. What is the greatest common divisor of w and 27?
27
Let t be 0/1 - (0 - 7). Suppose -t*g + 56 = -5*g. What is the highest common factor of 14 and g?
14
Let t(y) = 133*y**2 - 34*y - 35. Let b be t(-1). Calculate the greatest common factor of b and 240.
12
Let o be (-32)/(-2 + 10) + (1 - -36). What is the highest common divisor of 132 and o?
33
Let r = -1172 + 1304. What is the greatest common divisor of 54 and r?
6
Let r be (-1 - (-231)/(-9))/((-24)/72). What is the greatest common divisor of r and 20?
20
Let x be 36/(-60) - (-5856)/10. Suppose 3*r - x = -3*l, -2*l - 5*r - 213 = -3*l. What is the highest common divisor of 22 and l?
22
Let h be 1*5*(-2 + 3). Suppose k + 2*r = -3*r - 13, h*r = -20. Calculate the greatest common factor of 77 and k.
7
Suppose -3*u + 267 = 5*x, -69*u + 65*u - 3*x + 345 = 0. Let k = 90 + -62. Calculate the highest common factor of k and u.
28
Let u be 4*2/(-6)*(-15)/2. Let z = -36 - -41. Calculate the greatest common factor of z and u.
5
Let y(t) = 3 - 7 - 4*t + 0 + 2. Let a(z) = z**2 - 4*z - 1. Let c be a(4). Let p be y(c). Calculate the greatest common factor of 5 and p.
1
Let c(k) = -6*k + 9. Let h be c(-5). Suppose -6 = 2*j, -4*v - 2*j - 33 + 183 = 0. What is the greatest common factor of h and v?
39
Let g(k) = -k**3 + 9*k**2 + 15*k - 119. Let u be g(9). What is the highest common factor of u and 264?
8
Suppose 5*x - 36 = 9*x. Let z be (4*2 - (-5 - x)) + 2. What is the greatest common divisor of 2 and z?
2
Let y be (-859283)/(-1185) + 2/(-15). Calculate the greatest common divisor of 29 and y.
29
Let m = 815 + -731. What is the highest common divisor of 189 and m?
21
Let q(i) = 10*i - 24. Let k be q(4). What is the highest common factor of 80 and k?
16
Let n = -117 + 141. What is the greatest common divisor of n and 16?
8
Let q(g) = 7*g**2 + 3. Let z(c) = -c + 4. Let k be z(6). Let u be q(k). Suppose 15 = -3*s, -4*s = -0*j - j + u. What is the highest common divisor of j and 99?
11
Suppose 4*b - 24 - 48 = 0. Let u be ((-3)/b*-51)/((-1)/(-24)). What is the highest common factor of u and 12?
12
Let a(r) = 10*r**2 + 7*r + 4. Let k be a(-4). Suppose 20 = 4*t - 4*u - u, u + 4 = 0. Suppose t = -5*o + k + 89. Calculate the highest common factor of 30 and o.
15
Suppose -4*o + 4*k = -3*o - 33, -4*o + 174 = 5*k. Calculate the highest common factor of o and 82.
41
Suppose x = 5*r - 589, -7*x = -2*r - 2*x + 254. What is the highest common divisor of 481 and r?
13
Suppose 3*i = -2*i + 20. Suppose 0 = 7*o - 2*o - 5*l - 40, -o = i*l + 17. Let x be (1/o)/((-3)/(-81)). What is the highest common divisor of x and 1?
1
Let t be 15 - (0 + -8)/(-4). Suppose 2*d = 242 - 34. Calculate the greatest common factor of t and d.
13
Suppose 4376 = 6*p - 982. What is the greatest common factor of 19 and p?
19
Let f be (-4)/6*(-18)/4. Suppose -v + 11 = f. Let c be (-4)/(-6)*252/v. Calculate the greatest common divisor of c and 14.
7
Let c be -1*(-21*2/6 + -20). What is the highest common factor of c and 21?
3
Let c be 1 - (30 - (1 + -1)). Suppose 5*w - 128 = 392. Let b = w - c. What is the greatest common factor of b and 19?
19
Suppose 1339*x + 208 = 1391*x. Suppose 0 = 7*y - 2*y - 40. What is the greatest common factor of x and y?
4
Let y = -43 - -47. Let d be (2/y)/(2/16). Calculate the greatest common divisor of d and 4.
4
Let f be 279/18*(3 + -1). Suppose f = x - 2. What is the highest common factor of x and 11?
11
Let k(a) = 2*a**2 + a - 3. Let x be k(-5). Let v(z) = -2*z**2 + 21*z + 39. Let o be v(11). What is the greatest common divisor of o and x?
14
Suppose -27 = -4*c + 45. Suppose 180 = k + 3*k. Calculate the greatest common factor of k and c.
9
Suppose 5*y + 11 = 16, -5*i + 2*y = -53. What is the highest common factor of 781 and i?
11
Suppose 0 = -4*b + 4*q - 520, -4*b + 2*q = -b + 385. Let x be (-3)/(1 + -4) - b. Calculate the greatest common factor of x and 18.
18
Let t be (6/12)/((-1)/(-4)). Suppose -5*u = 5*o - 340, -110 - 166 = -4*u - t*o. Calculate the greatest common factor of u and 10.
10
Let i(y) = 4*y**2 - 13*y + 2. Let q be i(5). Calculate the highest common divisor of q and 259.
37
Let n = 44 - 24. Let k = -82 - -182. Calculate the highest common divisor of n and k.
20
Suppose 3*x - 10 = 2. Suppose -x*s + 32 = -4*d, 2*d - 12 = -2*s - 0*s. What is the greatest common divisor of s and 21?
7
Suppose z - 26 = -2*c, -2*c + 10 = -2*z + 32. Suppose 2*o = 48 + z. Let k = 1905 - 1745. What is the highest common factor of k and o?
32
Suppose 37*z - 320 = -2*m + 34*z, 600 = 4*m - 4*z. Let s = 38 + -24. Calculate the highest common factor of m and s.
14
Suppose -136 = -b - b. Let a = -28 + b. What is the greatest common factor of a and 8?
8
Let n = -4 - 6. Let p = 12 + n. Let j be (0 - 0) + 2 + p. What is the highest common divisor of 28 and j?
4
Let p = 11 - 5. Let y be 3/(-9) - (-218)/p. Let s(c) = c**2 - 2*c + 4. Let o be s(0). What is the greatest common factor of o and y?
4
Let h = 46 + -46. Suppose h*y + 3*f - 127 = -2*y, -3*y = -f - 207. Let j be ((-34)/4)/((-1)/2). Calculate the greatest common divisor of j and y.
17
Let v(o) be the third derivative of o**4/12 - o**3/3 - 5*o**2. Let k be (4/6)/((-4)/(-12)). Let p be v(k). What is the greatest common divisor of p and 8?
2
Let z be -1*(-1 - -2)*-48. Suppose 0 = 62*y + 34*y - 10364 - 12676. Calculate the greatest common divisor of y and z.
48
Let o be (-69)/(-12) - (-1)/4. Let r = 1435 - 1393. What is the greatest common factor of r and o?
6
Let y = 9 + 21. Suppose 5*l = 135 - y. Calculate the greatest common factor of 3 and l.
3
Suppose 0 = 2*w + 13*w - 75. Calculate the highest common divisor of 245 and w.
5
Let m be -54*(-2 - (-20)/12). Let i be (21/4)/(m/240). Let n(p) = -p + 3. Let a be n(-7). Calculate the greatest common factor of i and a.
10
Let a(z) = -z**3 + 17*z**2 - 10*z - 58. Let l be a(16). What is the greatest common factor of l and 323?
19
Let h(g) = -g**2 + 5*g + 26. Let u be h(7). Let c be (0 - 2) + -2 + 16. What is the highest common divisor of u and c?
12
Suppose -3*s - 28 = s. Let h = 5 + s. Let m be h*(96/(-2))/3. What is the highest common divisor of 4 and m?
4
Let j(w) = w - 14. Let a be j(15). Let t(o) = -o**3 + 3*o**2 - o. Let h be t(a). Let g be 27 + -7 + 3 + h. What is the greatest common factor of g and 60?
12
Let w(c) = -c**2 - 16*c - 22. Let z be w(-14). Let v be 19/z*4 + 20/(-30). Suppose 3*r = -r + 144. What is the greatest common factor of v and r?
12
Let v(x) = -184*x**2 + 51*x + 46. Let j(m) = -37*m**2 + 10*m + 9. Let h(c) = -11*j(c) + 2*v(c). Let l be h(-1). What is the greatest common divisor of 16 and l?
8
L